
99
What is the remainder when 4332 is divided by 97?
64
Calculate the remainder when 64117 is divided by 1644.
1
Calculate the remainder when 3340818 is divided by 1372.
1370
Calculate the remainder when 48435 is divided by 46.
43
What is the remainder when 11801 is divided by 1184?
1145
Calculate the remainder when 50309 is divided by 117.
116
What is the remainder when 10865 is divided by 1560?
1505
Calculate the remainder when 1705 is divided by 754.
197
Calculate the remainder when 98843 is divided by 64.
27
Calculate the remainder when 6696 is divided by 118.
88
What is the remainder when 3507 is divided by 482?
133
What is the remainder when 9290 is divided by 168?
50
What is the remainder when 2294 is divided by 2281?
13
What is the remainder when 3165803 is divided by 1808?
1803
Calculate the remainder when 1814 is divided by 8.
6
Calculate the remainder when 1207 is divided by 400.
7
Calculate the remainder when 642 is divided by 6.
0
What is the remainder when 11350 is divided by 81?
10
Calculate the remainder when 42079 is divided by 30.
19
Calculate the remainder when 55085 is divided by 247.
4
Calculate the remainder when 8479 is divided by 4195.
89
What is the remainder when 651907 is divided by 138?
133
Calculate the remainder when 4066 is divided by 9.
7
What is the remainder when 967 is divided by 89?
77
Calculate the remainder when 383457 is divided by 203.
193
What is the remainder when 761484 is divided by 253826?
6
What is the remainder when 65479 is divided by 34?
29
Calculate the remainder when 709201 is divided by 16118.
9
What is the remainder when 99517 is divided by 18?
13
What is the remainder when 869406 is divided by 10?
6
Calculate the remainder when 1050 is divided by 357.
336
Calculate the remainder when 7353 is divided by 7346.
7
What is the remainder when 2772 is divided by 192?
84
Calculate the remainder when 120726 is divided by 53.
45
Calculate the remainder when 21012 is divided by 21.
12
What is the remainder when 3234 is divided by 156?
114
What is the remainder when 1342041 is divided by 22?
19
Calculate the remainder when 33096 is divided by 1180.
56
What is the remainder when 10058 is divided by 129?
125
What is the remainder when 34835 is divided by 335?
330
Calculate the remainder when 317925 is divided by 56.
13
What is the remainder when 11127 is divided by 278?
7
What is the remainder when 549 is divided by 199?
151
Calculate the remainder when 14110 is divided by 6923.
264
Calculate the remainder when 4304 is divided by 1051.
100
Calculate the remainder when 29464 is divided by 7362.
16
What is the remainder when 21431 is divided by 16?
7
Calculate the remainder when 30992 is divided by 137.
30
What is the remainder when 37198 is divided by 200?
198
Calculate the remainder when 103258 is divided by 6453.
10
What is the remainder when 3591 is divided by 35?
21
What is the remainder when 18668 is divided by 66?
56
What is the remainder when 7041 is divided by 98?
83
Calculate the remainder when 87364 is divided by 82.
34
Calculate the remainder when 119280 is divided by 38.
36
Calculate the remainder when 2182 is divided by 1541.
641
Calculate the remainder when 893 is divided by 180.
173
Calculate the remainder when 1584609 is divided by 12.
9
Calculate the remainder when 7301 is divided by 2430.
11
Calculate the remainder when 1818879 is divided by 406.
405
Calculate the remainder when 2820 is divided by 634.
284
Calculate the remainder when 8133 is divided by 36.
33
What is the remainder when 14097 is divided by 83?
70
What is the remainder when 10266 is divided by 793?
750
Calculate the remainder when 3242667 is divided by 572.
571
Calculate the remainder when 8414 is divided by 700.
14
Calculate the remainder when 40445 is divided by 7.
6
Calculate the remainder when 98904 is divided by 622.
6
What is the remainder when 14833 is divided by 3436?
1089
Calculate the remainder when 4246 is divided by 508.
182
Calculate the remainder when 9578 is divided by 9389.
189
What is the remainder when 24413 is divided by 13?
12
Calculate the remainder when 341016 is divided by 48715.
11
Calculate the remainder when 7223356 is divided by 13.
10
What is the remainder when 1680 is divided by 528?
96
What is the remainder when 30271 is divided by 25?
21
Calculate the remainder when 20377 is divided by 5074.
81
Calculate the remainder when 643658 is divided by 175.
8
Calculate the remainder when 4055029 is divided by 223.
220
What is the remainder when 172 is divided by 13?
3
What is the remainder when 7072 is divided by 2282?
226
Calculate the remainder when 3800 is divided by 836.
456
Calculate the remainder when 9942 is divided by 112.
86
Calculate the remainder when 7526 is divided by 57.
2
What is the remainder when 197540 is divided by 1401?
1400
Calculate the remainder when 10269 is divided by 252.
189
What is the remainder when 3462 is divided by 33?
30
What is the remainder when 7964 is divided by 81?
26
Calculate the remainder when 58228 is divided by 502.
498
What is the remainder when 8333 is divided by 490?
3
What is the remainder when 53112 is divided by 208?
72
What is the remainder when 61501 is divided by 382?
381
Calculate the remainder when 332277 is divided by 88.
77
Calculate the remainder when 656 is divided by 239.
178
What is the remainder when 1101 is divided by 179?
27
What is the remainder when 10350 is divided by 87?
84
Calculate the remainder when 139874 is divided by 34.
32
What is the remainder when 72662 is divided by 18124?
166
Calculate the remainder when 12930 is divided by 2155.
0
Calculate the remainder when 95448 is divided by 516.
504
What is the remainder when 115453 is divided by 41?
38
Calculate the remainder when 21270 is divided by 2335.
255
What is the remainder when 3082653 is divided by 454?
447
What is the remainder when 5869 is divided by 1466?
5
Calculate the remainder when 7162916 is divided by 24.
20
Calculate the remainder when 4628 is divided by 575.
28
Calculate the remainder when 299721 is divided by 83.
8
What is the remainder when 3266 is divided by 872?
650
What is the remainder when 3913 is divided by 576?
457
What is the remainder when 12226 is divided by 717?
37
What is the remainder when 58935 is divided by 418?
415
What is the remainder when 6366 is divided by 396?
30
Calculate the remainder when 1655402 is divided by 2.
0
Calculate the remainder when 3362785 is divided by 591.
586
Calculate the remainder when 6713 is divided by 2237.
2
Calculate the remainder when 798 is divided by 67.
61
Calculate the remainder when 8929 is divided by 149.
138
Calculate the remainder when 19700 is divided by 97.
9
What is the remainder when 18095600 is divided by 49?
47
What is the remainder when 346882 is divided by 583?
580
What is the remainder when 925705 is divided by 38?
25
Calculate the remainder when 1352467 is divided by 69.
67
What is the remainder when 8148152 is divided by 86?
82
What is the remainder when 3282 is divided by 157?
142
What is the remainder when 11292 is divided by 705?
12
What is the remainder when 421 is divided by 134?
19
Calculate the remainder when 43803 is divided by 94.
93
What is the remainder when 40596 is divided by 40?
36
What is the remainder when 45957 is divided by 1996?
49
What is the remainder when 5128 is divided by 87?
82
What is the remainder when 10508 is divided by 24?
20
Calculate the remainder when 966335 is divided by 24.
23
Calculate the remainder when 7909 is divided by 902.
693
Calculate the remainder when 73583 is divided by 63.
62
Calculate the remainder when 14383 is divided by 33.
28
Calculate the remainder when 199928 is divided by 33320.
8
Calculate the remainder when 12627 is divided by 821.
312
Calculate the remainder when 9508 is divided by 864.
4
What is the remainder when 279342 is divided by 15?
12
What is the remainder when 344190 is divided by 114722?
24
Calculate the remainder when 16595 is divided by 8133.
329
What is the remainder when 5455 is divided by 662?
159
Calculate the remainder when 287595 is divided by 50.
45
Calculate the remainder when 319746 is divided by 286.
284
What is the remainder when 13475 is divided by 13384?
91
What is the remainder when 17536 is divided by 222?
